base 4.
10
-1 (base 8) to base 7
-1
-120 (base 7) to base 4
-333
Convert 100 (base 2) to base 3.
11
-22 (base 7) to base 2
-10000
Convert -110 (base 2) to base 14.
-6
What is 195 (base 10) in base 12?
143
Convert 122 (base 3) to base 16.
11
-20 (base 3) to base 6
-10
1432 (base 5) to base 7
464
-6 (base 13) to base 7
-6
0 (base 10) to base 16
0
Convert -c (base 14) to base 11.
-11
What is -12011 (base 4) in base 10?
-389
Convert 1 (base 12) to base 7.
1
-11 (base 14) to base 7
-21
Convert 1 (base 8) to base 7.
1
What is 38 (base 10) in base 15?
28
154 (base 6) to base 3
2121
Convert -22 (base 10) to base 4.
-112
Convert -4 (base 16) to base 10.
-4
What is -37 (base 15) in base 9?
-57
Convert -27 (base 8) to base 13.
-1a
Convert -6 (base 10) to base 7.
-6
What is 4 (base 16) in base 8?
4
What is -2 (base 15) in base 9?
-2
What is -2010 (base 5) in base 9?
-313
Convert -1003 (base 7) to base 14.
-1aa
What is 2 (base 16) in base 3?
2
Convert -13 (base 4) to base 9.
-7
Convert 1b7 (base 14) to base 6.
1353
Convert 1 (base 12) to base 10.
1
1053 (base 6) to base 8
371
-120 (base 6) to base 7
-66
Convert 41 (base 6) to base 11.
23
31 (base 5) to base 12
14
Convert -4 (base 6) to base 12.
-4
-13 (base 11) to base 15
-e
Convert 9 (base 10) to base 6.
13
What is 12102 (base 3) in base 2?
10010010
Convert -24 (base 14) to base 11.
-2a
8 (base 10) to base 13
8
2 (base 12) to base 2
10
What is -14 (base 15) in base 3?
-201
What is 20 (base 8) in base 7?
22
What is 42 (base 12) in base 5?
200
What is 38 (base 16) in base 3?
2002
Convert -197 (base 12) to base 3.
-100121
Convert -14 (base 6) to base 11.
-a
3 (base 5) to base 12
3
What is 3 (base 15) in base 8?
3
-4 (base 16) to base 15
-4
What is -4 (base 16) in base 9?
-4
11 (base 2) to base 9
3
Convert -443 (base 6) to base 11.
-146
1112 (base 5) to base 11
133
-1 (base 13) to base 7
-1
f (base 16) to base 5
30
What is 5 (base 6) in base 8?
5
What is ec (base 15) in base 6?
1010
What is 1001 (base 2) in base 15?
9
455 (base 7) to base 9
282
What is -1 (base 3) in base 4?
-1
140 (base 5) to base 14
33
68 (base 10) to base 9
75
Convert -111 (base 3) to base 5.
-23
-10 (base 6) to base 7
-6
Convert 1 (base 3) to base 11.
1
What is 137 (base 8) in base 15?
65
Convert 12 (base 8) to base 15.
a
Convert 353 (base 7) to base 11.
159
-131 (base 4) to base 15
-1e
Convert 2 (base 9) to base 5.
2
18 (base 14) to base 7
31
-2e (base 16) to base 5
-141
What is 100 (base 7) in base 11?
45
Convert 33 (base 4) to base 3.
120
What is 5 (base 8) in base 9?
5
Convert 8 (base 11) to base 4.
20
Convert -b (base 13) to base 4.
-23
141 (base 5) to base 4
232
3 (base 7) to base 8
3
-35 (base 10) to base 14
-27
What is 220 (base 10) in base 6?
1004
What is -2 (base 10) in base 8?
-2
11 (base 3) to base 16
4
What is 352 (base 9) in base 3?
101202
111 (base 3) to base 16
d
222 (base 3) to base 2
11010
What is 1 (base 12) in base 2?
1
What is -10233 (base 4) in base 11?
-256
Convert 1 (base 6) to base 10.
1
26 (base 12) to base 13
24
Convert -124 (base 5) to base 14.
-2b
-11001 (base 2) to base 9
-27
-131 (base 4) to base 14
-21
What is -6 (base 14) in base 13?
-6
Convert -53 (base 9) to base 7.
-66
-3 (base 5) to base 3
-10
-6 (base 7) to base 2
-110
Convert -5 (base 13) to base 15.
-5
4 (base 16) to base 5
4
-3 (base 4) to base 5
-3
1 (base 6) to base 7
1
Convert -13 (base 4) to base 13.
-7
What is 18 (base 10) in base 9?
20
-12 (base 10) to base 5
-22
What is 10 (base 2) in base 8?
2
Convert 111 (base 2) to base 8.
7
Convert -114 (base 11) to base 10.
-136
312 (base 6) to base 8
164
Convert 21 (base 4) to base 14.
9
2 (base 12) to base 11
2
0 (base 8) to base 12
0
Convert -215 (base 6) to base 10.
-83
What is -2 (base 4) in base 6?
-2
-9 (base 10) to base 15
-9
Convert -2 (base 7) to base 3.
-2
What is 4 (base 10) in base 4?
10
What is -311 (base 4) in base 16?
-35
What is 0 (base 7) in base 11?
0
What is 73 (base 10) in base 12?
61
Convert -1000111 (base 2) to base 16.
-47
What is -13 (base 7) in base 12?
-a
Convert 111110 (base 3) to base 11.
300
Convert 2 (base 5) to base 4.
2
Convert 5d (base 15) to base 2.
1011000
Convert 5 (base 7) to base 14.
5
22 (base 9) to base 5
40
Convert -2 (base 10) to base 11.
-2
346 (base 7) to base 3
20201
2 (base 16) to base 2
10
What is -24 (base 5) in base 2?
-1110
Convert -112 (base 8) to base 14.
-54
What is -4 (base 7) in base 2?
-100
Convert 2 (base 11) to base 4.
2
Convert 200 (base 3) to base 10.
18
3 (base 4) to base 13
3
What is 0 (base 5) in base 16?
0
Convert 22120 (base 3) to base 2.
11100111
1200 (base 4) to base 16
60
What is 3 (base 7) in base 12?
3
What is 5 (base 6) in base 7?
5
Convert 1 (base 15) to base 9.
1
What is 10100 (base 4) in base 12?
1a8
-20 (base 11) to base 7
-31
What is 10 (base 2) in base 7?
2
Convert 3 (base 14) to base 13.
3
0 (base 9) to base 15
0
120 (base 5) to base 8
43
4 (base 6) to base 5
4
Convert 8 (base 16) to base 2.
1000
102 (base 6) to base 12
32
What is -20 (base 8) in base 16?
-10
Convert 0 (base 8) to base 6.
0
What is -1 (base 11) in base 6?
-1
What is 101 (base 2) in base 4?
11
10 (base 4) to base 9
4
What is 15 (base 9) in base 13?
11
What is 2 (base 16) in base 7?
2
Convert 13 (base 4) to base 10.
7
What is -100 (base 4) in base 12?
-14
What is -52 (base 9) in base 11?
-43
Convert 100 (base 2) to base 5.
4
-41 (base 14) to base 4
-321
-41 (base 11) to base 4
-231
Convert -2 (base 7) to base 13.
-2
What is 1 (base 10) in base 4?
1
Convert -4 (base 9) to base 13.
-4
What is 204 (base 6) in base 14?
56
16 (base 14) to base 6
32
-34 (base 11) to base 2
-100101
What is 1 (base 6) in base 10?
1
a (base 13) to base 11
a
What is 6 (base 16) in base 5?
11
-4 (base 14) to base 2
-100
What is 134 (base 11) in base 5?
1113
Convert -1b (base 16) to base 12.
-23
20020 (base 3) to base 12
120
-3 (base 11) to base 16
-3
What is 4 (base 10) in base 9?
4
What is -5 (base 15) in base 9?
-5
What is -11 (base 6) in base 9?
-7
143 (base 6) to base 16
3f
What is 7 (base 12) in base 16?
7
Convert 38 (base 11) to base 6.
105
-2 (base 3) to base 16
-2
Convert 0 (base 3) to base 12.
0
Convert -7 (base 16) to base 11.
-7
Convert -20 (base 6) to base 15.
-c
Convert 20111 (base 3) to base 5.
1200
-11110000 (base 2) to base 10
-240
Convert 70 (base 9) to base 15.
43
What is -3 (base 7) in base 6?
-3
Convert -12 (base 4) to base 5.
-11
What is 4 (base 14) in base 11?
4
Convert -18 (base 15) to base 12.
-1b
Convert 201 (base 6) to base 12.
61
-17 (base 13) to base 9
-22
Convert -21210 (base 3) to base 4.
-3102
7 (base 12) to base 10
7
Convert 4 (base 8) to base 15.
4
Convert -101101 (base 2) to base 7.
-63
Convert -1101 (base 6) to base 10.
-253
What is 112 (base 4) in base 3?
211
What is -1 (base 9) in base 7?
-1
Convert 103 (base 7) to base 14.
3a
Convert -13 (base 10) to base 2.
-1101
What is 103 (base 10) in base 3?
10211
Convert 262 (base 9) to base 14.
118
Convert 1 (base 14) to base 6.
1
2 (base 13) to base 2
10
Convert 6 (base 11) to base 8.
6
What is 1 (base 4) in base 6?
1
-11 (base 3) to base 5
-4
What is -20 (base 5) in base 7?
-13
440 (base 8) to base 14
168
What is 2121 (base 3) in base 7?
130
Convert -111 (base 15) to base 11.
-1aa
0 (base 7) to base 13
0
-18 (base 11) to base 4
-103
-3 (base 16) to base 12
-3
What is 9 (base 12) in base 11?
9
-1300 (base 6) to base 14
-192
Convert 6 (base 14) to base 13.
6
5 (base 8) to base 5
10
-143 (base 5) to base 10
-48
Convert 6 (base 12) to base 10.
6
0 (base 7) to base 5
0
11001 (base 2) to base 3
221
Convert -330 (base 4) to base 8.
-74
166 (base 8) to base 12
9a
Convert 145 (base 8) to base 16.
65
100111000 (base 2) to base 13
1b0
Convert -8 (base 13) to base 12.
-8
Convert -a (base 11) to base 9.
-11
Convert -165 (base 9) to base 6.
-352
-134 (base 5) to base 11
-40
-3 (base 11) to base 2
-11
Convert -148 (base 10) to base 5.
-1043
211 (base 3) to base 10
22
What is 36 (base 7) in base 10?
27
What is -79 (base 10) in base 3?
-2221
Convert 35 (base 14) to base 2.
101111
-4 (base 11) to base 4
-10
What is -2a (base 16) in base 4?
-222
What is -200 (base 3) in base 14?
-14
10 (base 3) to base 2
11
What is -7 (base 15) in base 6?
-11
-21 (base 6) to base 4
-31
Convert 7 (base 15) to base 13.
7
11 (base 14) to base